e
Let h(q) = 2*q**2 - 11*q + 7. Let a be h(5). Let g = 111 - 312. Let c = a - g. Is c composite?
True
Let r(k) = k - 6. Suppose 2*v = -2*l + 14 - 2, -4*v = 3*l - 24. Let p be r(v). Suppose p*o + 4*o = 60. Is o prime?
False
Let b be (-4)/6 + (-3 - (-7816)/(-3)). Is b*3/((-3)/1) prime?
True
Let l be 7/(-14) - (-7)/2. Let h(k) = k**3 - 4*k**2 + 3*k. Let n be h(l). Suppose d - 2*j - 849 = 44, n = 2*d - 3*j - 1787. Is d a prime number?
False
Let h(j) = -j**3 + 4 + 7*j**2 - 3*j - j + 9*j + 3*j. Let w be h(8). Suppose 229 = -w*r + 673. Is r composite?
True
Let j(x) = -84*x**3 + x. Let i(t) = t**3 + 9*t**2 + t + 8. Suppose 2*m + 0*n = -2*n - 24, -3*m = n + 30. Let y be i(m). Is j(y) a composite number?
False
Let n(q) = 5*q - 1. Let k be n(-2). Let f = k - -15. Is 293*(-3)/(-12)*f a composite number?
False
Let a = 318 + 91. Is a a composite number?
False
Suppose 0 = -3*n - 29 + 29. Suppose -5*q - 5*s + 6285 = 0, n*s + 3755 = 3*q - s. Is q a composite number?
True
Let l(k) = -k**3 - 7*k**2 + 21*k - 3. Let p be l(-9). Let r = 157 + p. Is r prime?
True
Suppose 0 = -2*i + 5*x + 9646 - 1688, -8 = -2*x. Is i a composite number?
False
Let k be 3/4*-2*(-1 + 179). Let r = k - -426. Is r a composite number?
True
Let y = 17 - 14. Suppose 0 = y*w + 611 - 1526. Is w prime?
False
Suppose -3*h = -3*z + 15, -16 = -3*z - h - 1. Suppose -10*v + 50 = -z*v. Is 7296/20 - (-2)/v composite?
True
Let a(z) = 37*z**3 + 3*z**2 - 5*z - 6. Let y be a(5). Suppose -10720 = -11*m + y. Is m a prime number?
True
Let y = 72 + -74. Is (y/(-2) - 0) + 698 composite?
True
Let g(y) = y**3 + 3*y - 111. Is g(7) composite?
True
Let c = 2911 - 1830. Suppose -y - 3*w = -c, 3*y + 261 = -5*w + 3512. Is y prime?
True
Let d(k) be the first derivative of 18*k**3 + 7*k**2 - 17*k - 11. Is d(-7) a composite number?
False
Suppose 3*n = -3*n + 30. Suppose 0*u = 5*u - 4*b - 1059, 0 = -2*u - n*b + 417. Is u prime?
True
Suppose l = -5*b + 8*b + 119, 5*l = 4*b + 551. Suppose 0 = -l*a + 104*a + 6447. Is a a prime number?
False
Let s(l) = 133*l**2 + 5*l - 14. Let r be s(4). Suppose j - 3222 = -4*g + g, 2*g = 4*j + r. Is g a composite number?
True
Let k(v) = 32*v**2 + 15*v - 36. Is k(7) a composite number?
False
Suppose g = -4*s + 22135, -2*s + 13747 - 2683 = 4*g. Is s prime?
False
Is 178303/9 + (-464)/72 + 6 composite?
True
Suppose 4*u = u + 3573. Let w(a) = 8*a**3 - a**2 + 14*a + 6. Let i be w(-4). Let h = i + u. Is h composite?
False
Let i(t) = t - 1. Let s(z) = -241*z + 4. Let b(m) = 5*i(m) + s(m). Is b(-1) composite?
True
Suppose -5*m = 5*x - 3210, 6*m = 3*m - x + 1936. Suppose -k - 256 = -2*r - 3*k, -5*r + 2*k + m = 0. Is r a composite number?
True
Suppose 3*o - 12385 = 4*d, -6*o - 8245 = -8*o + 5*d. Is o composite?
True
Let f = 2 - 26. Suppose -7 = 16*v - 9*v. Let c = v - f. Is c composite?
False
Let b = -9061 - -14276. Suppose -i + b = 6*i. Is i prime?
False
Let b(q) = -q**3 + 5*q**2 + 2*q - 4. Let l be b(4). Suppose 3*x + n = l, 0 + 4 = x + n. Is 128/20 - x/20 prime?
False
Suppose q - 23835 = -4*q + 2*v, -2*q = -2*v - 9528. Is q composite?
True
Suppose -146902 = -9*m - 27760. Is m a prime number?
False
Let k be (16/(-10))/(-1)*5. Let d be (-14)/21*(6 - 0)*-3. Suppose d*j - 92 = k*j. Is j prime?
True
Let y = -3356 + 7047. Is y composite?
False
Suppose 14 = 4*x - 2. Suppose 2*p = x, -p + 58 = 3*j - 5*p. Is j a prime number?
False
Suppose -5*y + 15*t - 11*t = -23, 4*t = -8. Is 711 + y + 0 + 3 prime?
False
Let v be -8*((-1014)/4 + 2/(-4)). Suppose v = 3*x - 2651. Is x a prime number?
False
Let n(x) = x + 22. Let j be n(8). Is ((-4870)/j)/((-2)/6) composite?
False
Let c(s) = 12*s - 1. Let w(b) = -3*b + 0*b + 5*b + 15 - 3*b. Let r be w(11). Is c(r) a prime number?
True
Suppose 0 = 3*c + 8*c - 26939. Is c a composite number?
True
Let b be (36/(-7))/(-3)*21. Is (-1)/3 + 42168/b a prime number?
True
Suppose 2 = -11*t - 20. Let h be (-4)/((-4)/5) - 0. Is t/(-5) + 2013/h composite?
True
Suppose 0 = -2*x - 4*y + 22526, -5*x - 3*y = -8*y - 56270. Is x composite?
False
Is 2865*(0 + 3/9) prime?
False
Let o = 11 - 34. Let t = o + 47. Suppose 3*w - t = 21. Is w a prime number?
False
Let g(h) = -439*h**3 - 2*h**2 - h - 1. Suppose 0 = -2*c + 2*o - 12, 0 = 2*c - 0*c + 4*o - 12. Is g(c) a composite number?
True
Let w(z) = 5*z**2 + 2*z - 8. Let l be w(2). Suppose -21*i + l*i + 11185 = 0. Is i composite?
False
Suppose -1163248 + 246481 = -9*n. Is n composite?
False
Let u = -18 - -18. Suppose -r + 0*r + 379 = u. Is r composite?
False
Suppose -2*c = -8*x + 10*x - 5624, 14062 = 5*x + 3*c. Is x a composite number?
True
Let z = -649 - -286. Let q = -4 + 6. Is (-5 - z)/(q/3) a prime number?
False
Let l be (-17278)/(-8) + (-6)/8. Let p = 4054 - l. Is p a composite number?
True
Is (-1*(-1)/(-2))/(122/(-25839356)) prime?
True
Let d = 333 + 634. Is d a prime number?
True
Suppose 3*h + 3*g = 0, g + 6 = -2*h + 2*g. Let r be (-15470)/(-12) + h/12. Suppose 5*t = 5*c + 1280, -4*c + r = 6*t - t. Is t composite?
False
Let w(d) = d**2 - 10*d + 11. Let a be w(9). Suppose 2*l - 6301 = -5*u, -a*u + 12577 = 4*l + 3*u. Suppose 0 = -3*v + v + l. Is v prime?
False
Let k be 0/(8 + -3) + (134 - -1). Suppose 0 = 2*f - 119 - k. Is f prime?
True
Let j = -1415 - -8638. Is j prime?
False
Suppose -7*u + 1135295 + 509334 = 0. Is u a prime number?
True
Let n = 370 - 211. Is n a prime number?
False
Suppose -71 = 3*t + 2*n, 2*n + 2*n - 8 = 0. Is (-1)/(-5) + ((-222080)/t)/4 a composite number?
False
Suppose 4*o + 39 = 47. Suppose -d + o*x + 0*x = -493, 2441 = 5*d - 4*x. Is d a composite number?
True
Let f(z) = -2*z. Let i be f(-4). Suppose -6*m + i*m = 402. Is m composite?
True
Suppose 10 = 2*s - x, 4*s + 2*x = 5*x + 24. Let p be (0/s)/(-3) + 259. Suppose u - 2*u = -p. Is u prime?
False
Suppose 4*k - 15 - 1 = 0. Suppose -k*v + 265 = v. Is v a prime number?
True
Suppose -1 = 2*x - 7. Suppose 0 = x*d - 3*k - 36, 4*d + k - 34 = -2*k. Let y(w) = 10*w**2 + 9*w + 9. Is y(d) composite?
True
Let f(p) = -p - 5. Let d be f(-4). Let j = 32 + d. Is j prime?
True
Let w be (-27)/(-18) - 5930/(-4). Suppose w + 1334 = 2*n. Is n prime?
True
Let y(l) = l**3 - 3*l**2 - 5*l - 1. Let a be y(5). Suppose 6*x = 2*x + a. Suppose x*t - t - 1435 = 0. Is t prime?
False
Let k(a) = 9*a**2 + 6*a - 4. Let o be k(-5). Suppose -128*g + 129*g - 4 = 0. Suppose 605 + o = g*u. Is u prime?
True
Let n = -10 - -14. Suppose n*h + 8 = 0, 3*y = -5*h + 2 - 0. Let g = y - -29. Is g a composite number?
True
Let q(d) = 45*d - 8. Let s be q(7). Let i = -18 + s. Is i a prime number?
False
Let t = -37 - -37. Suppose t = 2*c - 2959 + 441. Is c a composite number?
False
Let a = -34 + 1655. Is a a composite number?
False
Let b be 238 - (-1 - (-4)/2). Suppose -7*h + b = -4*h. Is h a prime number?
True
Let j(w) = 6*w**2 + 7*w + 7. Let r be j(6). Suppose -186*d + 199*d = 0. Suppose d = -l + 6*l - r. Is l a composite number?
False
Let p(d) = -d**2 - d - 1. Let c(r) = -3*r**2 + 3*r + 7. Let w(u) = -c(u) - 2*p(u). Is w(-4) composite?
False
Let g be 6/(-14) + (-60)/(-140). Suppose 4*d + g*d = -2*z + 174, 0 = -2*z + 5*d + 129. Is z composite?
True
Suppose 5*k + 1154 = 7*k. Let y(o) = -6*o. Let f be y(5). Is k/5 + 12/f composite?
True
Let i(q) be the second derivative of -23*q**5/20 - q**4/12 + q**2/2 + 5*q. Is i(-1) composite?
False
Let r be (0 - -2)*3/2. Is (1 - (r + -5)) + 1706 composite?
False
Let d be (-10)/(-15) + 59295/9. Let n = d - 3338. Is n composite?
False
Suppose 5*l + 4*a = 23, 3*a = 4*l - 5*l + 9. Suppose 0 = 8*w - 6*w + l*d - 67, -3*d = 3. Is w composite?
True
Let p = 14962 + -8461. Suppose 0 = 3*a - 1542 - p. Is a prime?
False
Let w = 282 - -122. Let r = w - 241. Is r a composite number?
False
Let s(d) = -d - 3. Let r be s(-4). Suppose -m - r = -4. Suppose 0 = 5*q, -m*q = 5*n - 0*n - 470. Is n a composite number?
True
Let r(i) = 20*i - 1. Let x be r(5). Suppose -2*z + x = -15. Is z prime?
False
Let i(g) = 125*g**3 - 10*g**2 + 8*g - 12. Is i(5) a composite number?
True
Suppose 3490 = 20*s - 18*s. Let f = s + -634. Is f a composite number?
True
Suppose -2*x + 5*g = -0*g - 4351, -4*x - 5*g = -8747. Is x composite?
True
Let i(h) be the first derivative of -h**2/2 + h + 3. Let w(q) = -9*q + 8. Let r(s) = 2*i(s) - w(s). Is r(3) a prime number?
False
Let i = 1047 + 450. Is i prime?
False
Let w = 2 - 0. Suppose 